{"id":4219,"date":"2018-01-23T19:16:37","date_gmt":"2018-01-23T19:16:37","guid":{"rendered":"http:\/\/bb-luxusapartman.eu\/?page_id=4219"},"modified":"2022-05-18T18:36:40","modified_gmt":"2022-05-18T18:36:40","slug":"apartmanjaink-black-brothers-luxus-apartman-siofok-koztarsasag-utca-9","status":"publish","type":"page","link":"https:\/\/bb-luxusapartman.eu\/?page_id=4219","title":{"rendered":"Apartmanjaink"},"content":{"rendered":"","protected":false},"excerpt":{"rendered":"","protected":false},"author":1,"featured_media":4436,"parent":0,"menu_order":0,"comment_status":"closed","ping_status":"closed","template":"","meta":[],"yoast_head":"<!-- This site is optimized with the Yoast SEO plugin v16.1.1 - https:\/\/yoast.com\/wordpress\/plugins\/seo\/ -->\n<title>Apartmanjaink - Black Brothers Luxus Apartman Si\u00f3fok | K\u00f6zt\u00e1rsas\u00e1g utca 9.<\/title>\n<meta name=\"description\" content=\"Apartmanjaink - Black Brothers Luxus Apartman Si\u00f3fok | K\u00f6zt\u00e1rsas\u00e1g utca 9.\" \/>\n<link rel=\"canonical\" href=\"https:\/\/bb-luxusapartman.eu\/?page_id=4219\" \/>\n<meta property=\"og:locale\" content=\"hu_HU\" \/>\n<meta property=\"og:type\" content=\"article\" \/>\n<meta property=\"og:title\" content=\"Apartmanjaink - Black Brothers Luxus Apartman Si\u00f3fok | K\u00f6zt\u00e1rsas\u00e1g utca 9.\" \/>\n<meta property=\"og:description\" content=\"Apartmanjaink - Black Brothers Luxus Apartman Si\u00f3fok | K\u00f6zt\u00e1rsas\u00e1g utca 9.\" \/>\n<meta property=\"og:url\" content=\"https:\/\/bb-luxusapartman.eu\/?page_id=4219\" \/>\n<meta property=\"og:site_name\" content=\"Black Brothers Luxus Apartman Si\u00f3fok | K\u00f6zt\u00e1rsas\u00e1g utca 9.\" \/>\n<meta property=\"article:publisher\" content=\"https:\/\/www.facebook.com\/bbluxusapartman\" \/>\n<meta property=\"article:modified_time\" content=\"2022-05-18T18:36:40+00:00\" \/>\n<meta property=\"og:image\" content=\"https:\/\/bb-luxusapartman.eu\/wp-content\/uploads\/2020\/06\/1-scaled.jpg\" \/>\n\t<meta property=\"og:image:width\" content=\"2560\" \/>\n\t<meta property=\"og:image:height\" content=\"1920\" \/>\n<meta name=\"twitter:card\" content=\"summary_large_image\" \/>\n<script type=\"application\/ld+json\" class=\"yoast-schema-graph\">{\"@context\":\"https:\/\/schema.org\",\"@graph\":[{\"@type\":\"WebSite\",\"@id\":\"https:\/\/bb-luxusapartman.eu\/#website\",\"url\":\"https:\/\/bb-luxusapartman.eu\/\",\"name\":\"Black Brothers Luxus Apartman Si\\u00f3fok | K\\u00f6zt\\u00e1rsas\\u00e1g utca 9.\",\"description\":\"\",\"potentialAction\":[{\"@type\":\"SearchAction\",\"target\":\"https:\/\/bb-luxusapartman.eu\/?s={search_term_string}\",\"query-input\":\"required name=search_term_string\"}],\"inLanguage\":\"hu\"},{\"@type\":\"ImageObject\",\"@id\":\"https:\/\/bb-luxusapartman.eu\/?page_id=4219#primaryimage\",\"inLanguage\":\"hu\",\"url\":\"https:\/\/bb-luxusapartman.eu\/wp-content\/uploads\/2020\/06\/1-scaled.jpg\",\"contentUrl\":\"https:\/\/bb-luxusapartman.eu\/wp-content\/uploads\/2020\/06\/1-scaled.jpg\",\"width\":2560,\"height\":1920},{\"@type\":\"WebPage\",\"@id\":\"https:\/\/bb-luxusapartman.eu\/?page_id=4219#webpage\",\"url\":\"https:\/\/bb-luxusapartman.eu\/?page_id=4219\",\"name\":\"Apartmanjaink - Black Brothers Luxus Apartman Si\\u00f3fok | K\\u00f6zt\\u00e1rsas\\u00e1g utca 9.\",\"isPartOf\":{\"@id\":\"https:\/\/bb-luxusapartman.eu\/#website\"},\"primaryImageOfPage\":{\"@id\":\"https:\/\/bb-luxusapartman.eu\/?page_id=4219#primaryimage\"},\"datePublished\":\"2018-01-23T19:16:37+00:00\",\"dateModified\":\"2022-05-18T18:36:40+00:00\",\"description\":\"Apartmanjaink - Black Brothers Luxus Apartman Si\\u00f3fok | K\\u00f6zt\\u00e1rsas\\u00e1g utca 9.\",\"breadcrumb\":{\"@id\":\"https:\/\/bb-luxusapartman.eu\/?page_id=4219#breadcrumb\"},\"inLanguage\":\"hu\",\"potentialAction\":[{\"@type\":\"ReadAction\",\"target\":[\"https:\/\/bb-luxusapartman.eu\/?page_id=4219\"]}]},{\"@type\":\"BreadcrumbList\",\"@id\":\"https:\/\/bb-luxusapartman.eu\/?page_id=4219#breadcrumb\",\"itemListElement\":[{\"@type\":\"ListItem\",\"position\":1,\"item\":{\"@type\":\"WebPage\",\"@id\":\"https:\/\/bb-luxusapartman.eu\/\",\"url\":\"https:\/\/bb-luxusapartman.eu\/\",\"name\":\"Kezd\\u0151lap\"}},{\"@type\":\"ListItem\",\"position\":2,\"item\":{\"@type\":\"WebPage\",\"@id\":\"https:\/\/bb-luxusapartman.eu\/?page_id=4219\",\"url\":\"https:\/\/bb-luxusapartman.eu\/?page_id=4219\",\"name\":\"Apartmanjaink\"}}]}]}<\/script>\n<!-- \/ Yoast SEO plugin. -->","_links":{"self":[{"href":"https:\/\/bb-luxusapartman.eu\/index.php?rest_route=\/wp\/v2\/pages\/4219"}],"collection":[{"href":"https:\/\/bb-luxusapartman.eu\/index.php?rest_route=\/wp\/v2\/pages"}],"about":[{"href":"https:\/\/bb-luxusapartman.eu\/index.php?rest_route=\/wp\/v2\/types\/page"}],"author":[{"embeddable":true,"href":"https:\/\/bb-luxusapartman.eu\/index.php?rest_route=\/wp\/v2\/users\/1"}],"replies":[{"embeddable":true,"href":"https:\/\/bb-luxusapartman.eu\/index.php?rest_route=%2Fwp%2Fv2%2Fcomments&post=4219"}],"version-history":[{"count":10,"href":"https:\/\/bb-luxusapartman.eu\/index.php?rest_route=\/wp\/v2\/pages\/4219\/revisions"}],"predecessor-version":[{"id":4613,"href":"https:\/\/bb-luxusapartman.eu\/index.php?rest_route=\/wp\/v2\/pages\/4219\/revisions\/4613"}],"wp:featuredmedia":[{"embeddable":true,"href":"https:\/\/bb-luxusapartman.eu\/index.php?rest_route=\/wp\/v2\/media\/4436"}],"wp:attachment":[{"href":"https:\/\/bb-luxusapartman.eu\/index.php?rest_route=%2Fwp%2Fv2%2Fmedia&parent=4219"}],"curies":[{"name":"wp","href":"https:\/\/api.w.org\/{rel}","templated":true}]}}